 p(t) be the second derivative of 1505*t**3/6 + 118*t**2 + 52*t. Is p(27) composite?
True
Suppose -67326 = -5*b + 3*t - 419344, -5*b - 352034 = t. Is 8/14 - b/98 prime?
True
Let z = 452058 + -212701. Is z prime?
True
Let f be 6396 + 1/2*(-24)/4. Suppose 0 = 7*k - f - 1468. Is k a composite number?
False
Suppose w = 1, -16*w + 14*w = -3*l + 157297. Is l prime?
True
Suppose 14*v = 25 + 45. Suppose v*i = -0*i + 6795. Suppose 0 = -3*d - 2*u + 1028, -5*u + i = 6*d - 2*d. Is d a prime number?
False
Suppose i + 3*k + 9 = -i, -5*i = 4*k + 12. Suppose n - 4 = y - i*n, -4*y + n = 4. Suppose y = 4*r - 70 - 822. Is r prime?
True
Suppose -3*i - 115 = 20. Let y = i + 65. Suppose -3*q = y - 2651. Is q a composite number?
False
Let z(j) = 597*j - 34. Let s be (264/(-30))/(2/(-5)). Let d be z(s). Let c = -6751 + d. Is c prime?
False
Let n(z) = -4*z - 24. Let b be n(-7). Suppose 2*y = -y - b*s + 5022, -y + 2*s = -1674. Suppose 2*l - l - y = 5*o, 2*o = -5*l + 8235. Is l a prime number?
False
Suppose -5*l - 3*a = 254 - 2206, l - 392 = a. Is l a prime number?
False
Let d = -135846 - -255205. Is d a composite number?
False
Let s = -154 - -169. Is 1826418/110 - 2/s*6 a prime number?
True
Let z(x) = 4730*x - 9. Suppose 22*c - 4 = 18*c. Is z(c) a prime number?
True
Suppose 0*p + 14 = p. Let g(m) be the second derivative of 5*m**3/6 + 27*m**2/2 - 166*m. Is g(p) composite?
False
Let k = -10 - -57. Suppose -2 + k = 3*o. Suppose 13*j = o*j - 838. Is j a prime number?
True
Let g = 6 - -3. Let u(o) = -6*o - g*o - 3 + o + 2*o**2. Is u(8) a composite number?
False
Suppose 6*x - 372 = -180. Suppose 33*l - x*l = 3811. Is l a prime number?
False
Suppose -92 = -4*p - 80. Let z be 1 - 4 - (1 + p - -195). Let q = z + 393. Is q prime?
True
Let t(i) = 12*i**3 + 2*i**2 + 6*i - 3. Let f = 9 - -59. Let p be (-36)/(-10) + f/170. Is t(p) composite?
False
Let j(h) = 4748*h + 1037. Is j(33) composite?
False
Let y(f) = 76*f**2 - 57 + 113 + 21*f - 42 - 37. Is y(8) a prime number?
True
Let o = -766 - -36686. Is o/36 - 10/(-45) a composite number?
True
Let m = -441295 - -1068566. Is m composite?
False
Let r(o) = -128*o - 20. Let c be r(-4). Let i = -1503 + c. Let q = i - -1568. Is q prime?
True
Let n = 827 + 6120. Is n a prime number?
True
Let c(l) = -231*l - 855. Is c(-52) composite?
True
Let h(v) = -61*v + 16. Suppose 1003 = -9*w + 508. Is h(w) composite?
False
Let k be ((-9)/(-2) + -6)/((-3)/8). Suppose -3*g + 47 = 2*z, 4*z + k*g = -0*z + 92. Suppose 21*i + 111 = z*i. Is i composite?
True
Let r(c) = -9*c - 304. Let j be r(-41). Suppose -230309 - 322126 = -j*h. Is h composite?
True
Let d(h) = 4*h**2 - 13*h - 64. Let c be d(-4). Suppose -6*g - c = -586. Is g composite?
False
Let s(x) = 6*x**3 + 61*x**2 + 98*x - 40. Is s(19) a composite number?
False
Let t(h) = -4021*h**2 - 12*h - 11. Let o be t(-1). Let f = o + 6239. Is f prime?
False
Let f(y) = -3*y**3 - 46*y**2 + 9*y + 183. Is f(-41) a prime number?
False
Let k(x) be the first derivative of -73*x**3/3 - 13*x**2/2 - x - 6. Let o(m) be the first derivative of k(m). Is o(-7) composite?
False
Suppose -3*t - 5*p = -606758, 5*t - 982544 = -5*p + 28736. Is t composite?
True
Let u be (2/4)/(9/(-90)). Is u*(-39726)/14 + 78/(-91) a prime number?
False
Let t = 13638 - -538. Suppose -11*h + 15898 + t = 0. Is h a prime number?
False
Let x be 6/2*4/(-12) - -17. Suppose 79 = 5*v - x. Let p(b) = 10*b + 47. Is p(v) prime?
False
Suppose -2*b + 179 = -113. Suppose v + 4*l = 2*l + b, 3*v - 4*l - 458 = 0. Let a = v + 181. Is a prime?
True
Suppose 2*d - 3*k - 63976 - 82566 = 0, 73265 = d - 3*k. Is d a prime number?
True
Let g = -62 - -63. Let a be (2 - -1) + (g - 5) + 2. Is -1*(-2 + 4) - (a + -118) a prime number?
False
Let b(u) = -u**3 + 13*u**2 - 21*u + 36. Let k(n) = -n**3 + 12*n**2 - 21*n + 37. Let x(m) = -4*b(m) + 3*k(m). Let q = 24556 + -24536. Is x(q) composite?
False
Suppose -2*h = -5*b - 5, -b - 19 = 5*h - 3*b. Let z be 3*1/h - 246590/(-25). Let o = z - 5218. Is o a prime number?
False
Is (0 + -1154614)/(6/(-11 + 8)) a composite number?
False
Let a(z) = 3*z**3 - 26*z**2 - 49*z - 29. Let i be (-10)/(-8)*(0 - (-4 + -16)). Is a(i) composite?
True
Let j(v) = -49*v**3 - 19*v**2 + 42*v + 111. Let h(t) = 10*t**3 + 4*t**2 - 9*t - 22. Let q(x) = -11*h(x) - 2*j(x). Is q(-9) a composite number?
False
Let k(m) = 4978*m**2 - 16*m + 143. Is k(5) a prime number?
True
Let o be (-221)/52 + (-2)/(-8). Is o + (4806 - 2)/4 - -5 a composite number?
True
Let k(i) = -32065*i + 12983. Is k(-50) a prime number?
False
Let a(g) = -8*g + 306. Let b be a(41). Is (b - -22)*1/5 - -19619 a composite number?
True
Suppose 29*c + 752707 = -42*c + 8031840. Is c prime?
True
Let k(x) = 2206*x - 3961. Is k(159) prime?
True
Let d = -203 - -207. Suppose -d*v + 2*j + 42598 = 0, 5*v - 42616 = v - 4*j. Is v a prime number?
True
Let r(q) = q**3 + 28*q - 3 - 3 + 7 - 8*q - 8*q**2. Suppose 0 = -4*m + 1 + 7, -64 = -4*n - 4*m. Is r(n) prime?
False
Let p be (-4)/2 + 5498/(-2). Let q = p - -4340. Is q a composite number?
True
Let s = -5563 - -13828. Let g = -4912 + s. Is g a prime number?
False
Suppose 4*f - 3*f = -0*f. Suppose -51641 = -3*m + 4*a, -5*m - 4*a = -f*m - 86015. Suppose m = 8*c - 4881. Is c prime?
False
Let o(u) = -21*u - 19. Suppose 2*y = 5*y + 30. Is o(y) composite?
False
Suppose 5*z + 5*m = 253045 + 198610, -5*z + 4*m + 451637 = 0. Is z composite?
True
Let m = -231 - -225. Let x(c) = -16*c**3 + 9*c**2 + 18*c - 13. Is x(m) composite?
False
Let i(t) = -t - 4. Let d = -60 - -52. Let p be i(d). Suppose 4*h - 2*n - 518 = 648, -n + 1175 = p*h. Is h composite?
False
Let t(g) = g**2 - g + 6. Let w be t(0). Let o be (-231)/(-44)*((-3296)/w)/(-1). Suppose -11*b - o = -15*b. Is b composite?
True
Let t(w) = 1224*w + 16625. Is t(176) prime?
True
Let f = 38442 + 39457. Is f composite?
False
Let g = -9764 + 14973. Suppose -f - 5*i - 1673 = -g, -2*f + 7027 = i. Is f a composite number?
False
Suppose 5*i - 59*i + 42354290 = 56*i. Is i prime?
True
Suppose 25*q - 22*q = 5832. Let j = -1067 + q. Is j a prime number?
True
Let l = -754664 - -1386073. Is l composite?
False
Let x = 64025 + -44470. Is x composite?
True
Suppose -26*v + 34909 = -15*v - 10*v. Is v a composite number?
True
Let n = 31554 + -8941. Is n a prime number?
True
Let p(q) = 398378*q - 5605. Is p(3) a prime number?
False
Let u(y) = 74890*y + 899. Is u(8) a prime number?
False
Let d be 4/30 - (-62)/(-15). Let b be (-592)/(-72) - d/(-18). Is (-3)/(-12) - (-3254)/b a prime number?
False
Let l = -47 + 47. Let j(f) = -25*f + 40. Let p be j(-17). Is (1 + l - 0)*(p + 2) composite?
False
Let c(q) = -65*q + 1346. Is c(3) prime?
True
Suppose -8084 = -4*w - 2*s, -3*s - 2232 - 3822 = -3*w. Let o = w - -13107. Is o prime?
False
Let d(p) = -203*p - 129. Let o be d(-29). Let y = o + -873. Is y a prime number?
False
Let g(v) = 3619*v**3 + v**2 + 25*v - 71. Is g(4) composite?
False
Let j(l) = -563*l**3 - l**2 + 206*l + 611. Is j(-3) composite?
True
Suppose 0*u + 5*u - 176000 = -5*z, -2*u + 70406 = -4*z. Is u composite?
False
Is 331281/75 + ((-480)/(-375))/(-16) a prime number?
False
Let g(f) be the first derivative of -f**4/4 - 2*f**3 + 10*f**2 - 52*f + 63. Is g(-13) a composite number?
True
Let o(s) = -398*s + 91. Suppose -c - 4*h + 1 = -h, -h - 3 = c. Is o(c) prime?
True
Let k(v) be the first derivative of 66*v**3 - v**2/2 + 3*v + 60. Is k(-2) composite?
False
Suppose 656*r - 652*r + 2835 = m, 11274 = 4*m - 5*r. Is m a composite number?
True
Suppose 8*j = 11*j - 5*x - 10762, -10770 = -3*j - 3*x. Is j a prime number?
False
Let x be 48/(-32)*(-1 + 3). Let s(j) be the second derivative of -37*j**5/10 - 2*j**4/3 - j**3/2 + 2*j**2 + 10*j + 1. Is s(x) a prime number?
False
Suppose 19*r + 9 = 104. Let q be (-5)/(-2) - (-4)/8. Suppose -q*j - 474 = -r*j. Is j composite?
True
Suppose -5*o + 7 = -c, 0*c - 2*c - 3*o = 53. Let i = c - -24. Is 18473/63 + i/(-9) composite?
False
Suppose 1799 = 2*k + 5*k. Let u = k - 108. Is u composite?
False
Suppose 0 = -22*v - 0*v - 44. Is v/3*1 - 969657/(-117) composite?
False
Suppose m - 4*r = 85395, -12*r + 7*r = -2*m + 170802. Is m a composite number?
False
Suppose 16*p = -10*p - 78. Is 10/15 + 1 + (-19852)/p composite?
False
Let j = 1045848 + -129511. Is j a prime number?
True
Is (42/6)/21*(-5 + 2)*-161569 prime?
True
Suppose -3